 d(r) = 4*r + 17. Let b(f) = -5*f - 16. Let n(x) = i*d(x) + 3*b(x). What is the units digit of n(0)?
0
Suppose -h - h = 5*t - 62, -h - 4*t = -28. What is the tens digit of 1542/h - (-3)/18?
4
Let y be 1/2*(-12)/(-2). What is the units digit of (-4)/((y/(-90))/1)?
0
Suppose -3*d = -3*c + 273, 61*d = 4*c + 64*d - 364. Let n be (-36)/10*(2 - -13). Let b = n + c. What is the units digit of b?
7
Let x(o) = 10*o - 15*o**2 - o + 14*o**2 + 13. Let s be x(11). What is the tens digit of (s/2 - -4)*-34?
1
Suppose 6*x = -77 + 437. What is the tens digit of x?
6
Let y(l) = l**2 + 16*l - 395. What is the thousands digit of y(41)?
1
What is the tens digit of (((-819)/(-12))/7)/(11/44)?
3
Let g(q) = -q**2 - 8*q + 7. Let o(h) = -h**2 - 7*h + 7. Let r(t) = 5*g(t) - 6*o(t). Let p be (-4 + (2 - -1))*5. What is the units digit of r(p)?
8
Suppose 26*l = 8*l + 108. Suppose -1170 = h - l*h. What is the units digit of h?
4
Let g be 509*6/6 - 6/2. Let f = g + -288. What is the units digit of f?
8
Let y = -137 + 139. Suppose -2*l + 46 + 54 = y*w, 3*l - 152 = -5*w. What is the tens digit of l?
4
Let z(h) = 4*h + 12. Let q be z(-5). Let c(r) = -r**2 - 5*r + 3. Let s be c(q). What is the units digit of 6/5*(-70)/s?
4
Let a = 37 - 33. Suppose 648 = 2*b + a*b. What is the hundreds digit of b?
1
Let o be 2 - 1 - (-12)/(-6). Let v(z) = 13*z + 1. Let t be v(o). Let a = t - -50. What is the tens digit of a?
3
Let h = 1151 + -913. What is the tens digit of h?
3
What is the units digit of (269 - -1) + 144/(-36)?
6
Let r(m) be the first derivative of -35*m**4/4 + m**2/2 - m + 2. What is the hundreds digit of r(-2)?
2
Let g = 502 - 292. Let w = -150 + g. What is the units digit of w?
0
Let g be 8*1 + (-1 - 2). Suppose 0 = -g*n + 30 - 0. Suppose 6*z = 4*z + n. What is the units digit of z?
3
What is the thousands digit of (147/(-7))/((-3)/349)?
2
Suppose 52*b - 37*b = 8970. What is the tens digit of b?
9
Let u = -906 - -1083. What is the hundreds digit of u?
1
Suppose -2*v + 1740 = 3*r, 6*r - 2*r + 4373 = 5*v. What is the tens digit of v?
7
Let k(n) be the second derivative of n**4/12 + n**3/6 + 3*n**2/2 - 7*n. What is the units digit of k(-3)?
9
Let t be (-110 + -8)*(-2)/4. Let c = 20 + t. Suppose 3*h = -3*j + 66, -19 = 2*j - 2*h - c. What is the units digit of j?
6
Suppose 11*o - 8 = 15*o. Let z(q) = -43*q - 4. What is the tens digit of z(o)?
8
Suppose -189*y = -190*y - 2*c + 3739, c - 1 = 0. What is the units digit of y?
7
Suppose l = -7*l - 3088. Let a = l - -659. What is the tens digit of a?
7
Let q(v) be the third derivative of -v**6/240 - 7*v**5/120 + 5*v**4/24 - v**2. Let z(x) be the second derivative of q(x). What is the tens digit of z(-9)?
2
Let g be (-15)/10 + 290/(-4). Let t = 19 - g. What is the units digit of t?
3
Suppose 0 = k + 125*i - 126*i - 314, 1254 = 4*k - 5*i. What is the units digit of k?
6
Let d(c) = 24*c + 1. Let t be d(-2). Let r = -25 - t. What is the units digit of r?
2
Let g(z) = 2*z**2 - 9*z - 12. Let c be g(6). Suppose 0 = -c*s + 27 + 153. What is the units digit of s?
0
Suppose 5*b - 10*b + 12742 = 4*z, -5*z + 2*b + 15944 = 0. What is the hundreds digit of z?
1
Let y = 10 + -10. Let r = y - -4. Suppose 0 = -r*c + 5*c - 47. What is the tens digit of c?
4
Let m be 1/(-2)*(6 + -6). Suppose m = 14*d - 11*d - 768. What is the tens digit of d?
5
Suppose -d + p + 2228 = 3*d, 536 = d + 5*p. What is the units digit of d?
6
Suppose 6*y - 12 = 6. Let j(m) = -m + 11 - y + 4*m. What is the units digit of j(0)?
8
Suppose -6*a + a = -50. Let g = a - 21. Let o = 30 + g. What is the units digit of o?
9
Let y(p) = 26*p - 62. What is the units digit of y(5)?
8
Let p(g) = -3 + 15 - 3 + 6 + 16*g. What is the tens digit of p(5)?
9
Suppose -b + 1 + 3 = 0. Suppose -b*k = -4*a + 52, 0*k = a + 4*k - 3. What is the tens digit of a?
1
Suppose 2*o = 5*w + 20, 0*o + w + 4 = -o. Suppose o*v - 2508 = -11*v. What is the units digit of v?
8
Suppose 3*l = d + 28 - 3, 4*l + d = 31. Let n be (l/10)/(10/25). What is the units digit of n + 4/(-2) - -19?
9
Suppose 3*h = 3*o + 6, -3*o - h = 3*h - 1. What is the hundreds digit of 3/(4 - 1)*o*-173?
1
Let n = 366 + -75. What is the units digit of n?
1
Let m be (-60)/(-16) - 3/(-12). Suppose m*y = 9*y + 90. Let k = -10 - y. What is the units digit of k?
8
Let s = -1583 + 943. Let w be 6/(-27) + s/(-45). What is the units digit of (-64)/(-6) - w/21?
0
Let m(h) = h**3 - h**2 + 5*h - 1. Let b be m(4). Let u = b - -103. Suppose -5*l + u = -0*l. What is the units digit of l?
4
Suppose -8 = 4*r - 64. Suppose 3*d - 1 - r = 0. Suppose -d*x + 126 = -24. What is the units digit of x?
0
Suppose -4*q - 5*a = -11, -3*q + 9 = 2*a + a. Suppose 3*j + 3*b - 1 = 5*b, 4*b - q = 4*j. Suppose j*c - 128 = -c. What is the units digit of c?
2
Suppose 13*v - 19*v - 6 = 0. Let k(t) = -59*t**3 - t**2 + 4*t + 4. What is the tens digit of k(v)?
5
Let k(l) = -29*l - 8. Let w be k(-12). Suppose -v - w = 3*v. Let c = -43 - v. What is the units digit of c?
2
Suppose -6237 = 89*r - 98*r. What is the tens digit of r?
9
Let l be (-11)/3 - -3 - 48/9. Let q(r) = -r**3 + r**2 + 8*r - 1. What is the tens digit of q(l)?
0
Suppose -4*y = -92 - 108. Let c = -134 + y. What is the tens digit of 990/14 + (-24)/c?
7
Let l(q) = -q - 8. Let h(w) = 2*w + 7. Let g(d) = -2*h(d) - 3*l(d). Let v be g(10). Suppose v = -3*n + 4*n - 20. What is the units digit of n?
0
Suppose -38*o = -2*o - 33732. What is the units digit of o?
7
Let l be 2/(2/(-69))*-13. Let o be l/3 + -1 + 2. What is the units digit of 12/10*o/24?
5
Let u(l) = -l**2 + 13*l - 2. Let w be u(7). Suppose -d = 5*s - 22 + 4, -3*d = 2*s - 15. Suppose d*q - w = 17. What is the units digit of q?
9
Suppose 255 = 4*f - f. Let h = f + -135. Let m = 87 + h. What is the tens digit of m?
3
Let t(z) = 14*z - 349. What is the units digit of t(45)?
1
Let q be 0/((5 - 8) + 3/3). Suppose q = -6*m + 10*m - 328. What is the units digit of m?
2
Let s be (-1 - 2/(-2))/1. Suppose y - 5*l = -3*y, 2*y - 3*l = s. Suppose 0 = 5*p + a - 42, p - 3*p - 4*a + 6 = y. What is the units digit of p?
9
Suppose 3*l - 4088 = -395. What is the tens digit of l?
3
Let p = -9 + 11. Suppose -p*x - 5*o + o = -454, 660 = 3*x - o. What is the units digit of x?
1
Let s(p) = -p**2 - 10*p - 7. Let u be s(-9). Let v(x) = -2*x + 2. Let f be v(-3). Suppose 5*m - 3*c - 1 = f, -u*c = 2*m - 10. What is the units digit of m?
3
Suppose 0 = 5*x + 3*h - 25, -3*x + 25 = 2*x - 3*h. Let c(t) = -t**3 + 3*t**2 + 13*t - 6. Let m be c(x). What is the units digit of 55 + (-2)/(-6)*m?
8
Suppose 5*y - 17 - 23 = 0. Suppose 0 = 3*j - j + y. What is the units digit of ((-1)/(-2))/(j/(-128))?
6
Suppose 15317 = 11*x + 6*x. What is the hundreds digit of x?
9
Let q be 77/22 - (-2)/4. Suppose 0 = -q*o + 9*o - 10. What is the units digit of o?
2
Suppose -5*t + 1790 = -4*w - 734, -2024 = -4*t + 2*w. What is the tens digit of t?
0
Let c(m) be the first derivative of 9*m + 3*m + 2*m**2 - 29*m + 7. What is the tens digit of c(7)?
1
Let r = -2693 - -5053. What is the units digit of r?
0
Let k(j) = 5 + 0*j - 9*j + 11*j. Let r be k(4). Let h = r - 6. What is the units digit of h?
7
Suppose -24 = -3*o - 2*g, 3*g = -3*o + o + 21. Let s(m) = -m**3 + 11*m**2 - 11*m + 13. What is the tens digit of s(o)?
2
Let j be (-5 + -22)*(-8)/(-6). Let q = j + 69. What is the units digit of q?
3
Suppose -7 = -s - 2. Suppose 0 = -s*g + 6 + 39. Let t = g + 35. What is the units digit of t?
4
What is the hundreds digit of 12/(-66) - 4032/(-33)?
1
Let d be 2 + (5/5)/1. Suppose 2*n - 127 = d. What is the tens digit of n?
6
Let b be (-11)/(-11) - (-2)/(-2). Let u be (b - -12)*1/1. Let t = -2 + u. What is the tens digit of t?
1
Let k be ((-4)/8)/((-1)/264). Suppose -4*z = -2*z - k. Suppose z = -q + 3*q. What is the units digit of q?
3
Let i = -303 - -591. Suppose -2*k - 2*f + 184 = -0*k, 3*k - 3*f = i. What is the tens digit of k?
9
Let z = -558 + 1207. What is the hundreds digit of z?
6
Let k be ((-40)/16)/(2/(-168)). Let q = k + -126. What is the tens digit of q?
8
Let c(q) be the second derivative of 9*q**4/8 - q**3/6 - q**2/2 - 12*q. Let u(a) be the first derivative of c(a). What is the units digit of u(2)?
3
Let d be (-2 + 3)/((-1)/(-206)). Suppose 3*g = -3*c - 29 + d, -2*c = -4*g + 248. Let b = -42 + g. What is the tens digit of b?
